{"id":31,"date":"2024-10-14T19:00:36","date_gmt":"2024-10-14T17:00:36","guid":{"rendered":"https:\/\/pharmaciedepaste.hopto.org\/?page_id=31"},"modified":"2024-11-19T22:33:02","modified_gmt":"2024-11-19T21:33:02","slug":"reservations","status":"publish","type":"page","link":"https:\/\/www.pharmaciedepaste.fr\/index.php\/reservations\/","title":{"rendered":"Prise de Rendez-Vous"},"content":{"rendered":"\n<p style=\"font-size:clamp(14px, 0.875rem + ((1vw - 3.2px) * 0.104), 15px);\">Nous mettons \u00e0 votre disposition une cabine vous permettant de consulter en visio un M\u00e9decin g\u00e9n\u00e9raliste.<\/p>\n\n\n\n<p style=\"font-size:clamp(14px, 0.875rem + ((1vw - 3.2px) * 0.104), 15px);\">Nous vous accompagnerons pour vous connecter et lancer la t\u00e9l\u00e9consultation.<\/p>\n\n\n\n<p style=\"font-size:clamp(14px, 0.875rem + ((1vw - 3.2px) * 0.104), 15px);\">Nous vous informons que cet outil ne permet pas la d\u00e9livrance de certificats m\u00e9dicaux, ni de prolongation d&rsquo;arr\u00eat de travail, et ne peut pas \u00eatre utilis\u00e9e pour les enfants de moins de 3 ans.<\/p>\n\n\n\n<p style=\"font-size:clamp(14px, 0.875rem + ((1vw - 3.2px) * 0.104), 15px);\">Veuillez vous pr\u00e9senter \u00e0 la pharmacie 5 minutes avant le cr\u00e9neau r\u00e9serv\u00e9 avec votre <strong>carte vitale<\/strong>, votre <strong>t\u00e9l\u00e9phone portable<\/strong>, et votre <strong>carte bancaire<\/strong>*.<\/p>\n\n\n\n<p style=\"font-size:clamp(14px, 0.875rem + ((1vw - 3.2px) * 0.104), 15px);\"><\/p>\n\n\n\n<p class=\"has-accent-4-color has-text-color has-link-color wp-elements-fe8628ba90d804f51d01947a0c4d7a48\" style=\"font-size:clamp(14px, 0.875rem + ((1vw - 3.2px) * 0.104), 15px);\"><em><strong>\u26a0\ufe0f Attention<\/strong> <strong>\u26a0\ufe0f<\/strong><\/em><em> : L&rsquo;heure de rendez-vous ne sera pas forc\u00e9ment l&rsquo;heure de d\u00e9but de la consultation ! Il faut pr\u00e9voir un d\u00e9lai d&rsquo;attente pour qu&rsquo;un m\u00e9decin soit disponible (pouvant varier selon les horaires, les jours et les p\u00e9riodes de l&rsquo;ann\u00e9e).<\/em><\/p>\n\n\n\n<p class=\"has-accent-4-color has-text-color has-link-color has-small-font-size wp-elements-14f8b5e08768bdcdea90e67fe0e13633\" style=\"font-size:clamp(14px, 0.875rem + ((1vw - 3.2px) * 0.104), 15px);\"><\/p>\n\n\n\n<div style=\"height:80px\" aria-hidden=\"true\" class=\"wp-block-spacer\"><\/div>\n\n\n\n<p><\/p>\n\n\n\n<p style=\"font-size:0.8rem\">*La T\u00e9l\u00e9consultation est remboursable par l&rsquo;Assurance Maladie, mais vous devrez faire l&rsquo;avance de la partie mutuelle (sauf ALD, CMU, AME). <br>Munissez vous \u00e9galement du code d&rsquo;authentification demand\u00e9 par votre banque pour les paiements en ligne le cas \u00e9ch\u00e9ant.<\/p>\n\n\n\n<div style=\"height:40px\" aria-hidden=\"true\" class=\"wp-block-spacer\"><\/div>\n\n\n\n<p class=\"has-text-align-center\"><\/p>\n\n\n\n<div class=\"wp-block-buttons is-content-justification-center is-layout-flex wp-container-core-buttons-is-layout-a89b3969 wp-block-buttons-is-layout-flex\">\n<div class=\"wp-block-button has-custom-width wp-block-button__width-50 is-style-fill\"><a class=\"wp-block-button__link has-base-2-color has-contrast-background-color has-text-color has-background has-link-color has-text-align-center wp-element-button\" href=\"\/index.php\/prise-de-rendez-vous\/\">J&rsquo;ai compris et je souhaite prendre rendez-vous<\/a><\/div>\n<\/div>\n\n\n\n<p><\/p>\n","protected":false},"excerpt":{"rendered":"<p>Nous mettons \u00e0 votre disposition une cabine vous permettant de consulter en visio un M\u00e9decin g\u00e9n\u00e9raliste. Nous vous accompagnerons pour vous connecter et lancer la t\u00e9l\u00e9consultation. Nous vous informons que cet outil ne permet pas la d\u00e9livrance de certificats m\u00e9dicaux, ni de prolongation d&rsquo;arr\u00eat de travail, et ne peut pas \u00eatre utilis\u00e9e pour les enfants [&hellip;]<\/p>\n","protected":false},"author":2,"featured_media":0,"parent":0,"menu_order":0,"comment_status":"closed","ping_status":"closed","template":"","meta":{"footnotes":""},"class_list":["post-31","page","type-page","status-publish","hentry"],"_links":{"self":[{"href":"https:\/\/www.pharmaciedepaste.fr\/index.php\/wp-json\/wp\/v2\/pages\/31","targetHints":{"allow":["GET"]}}],"collection":[{"href":"https:\/\/www.pharmaciedepaste.fr\/index.php\/wp-json\/wp\/v2\/pages"}],"about":[{"href":"https:\/\/www.pharmaciedepaste.fr\/index.php\/wp-json\/wp\/v2\/types\/page"}],"author":[{"embeddable":true,"href":"https:\/\/www.pharmaciedepaste.fr\/index.php\/wp-json\/wp\/v2\/users\/2"}],"replies":[{"embeddable":true,"href":"https:\/\/www.pharmaciedepaste.fr\/index.php\/wp-json\/wp\/v2\/comments?post=31"}],"version-history":[{"count":32,"href":"https:\/\/www.pharmaciedepaste.fr\/index.php\/wp-json\/wp\/v2\/pages\/31\/revisions"}],"predecessor-version":[{"id":295,"href":"https:\/\/www.pharmaciedepaste.fr\/index.php\/wp-json\/wp\/v2\/pages\/31\/revisions\/295"}],"wp:attachment":[{"href":"https:\/\/www.pharmaciedepaste.fr\/index.php\/wp-json\/wp\/v2\/media?parent=31"}],"curies":[{"name":"wp","href":"https:\/\/api.w.org\/{rel}","templated":true}]}}